eatest common divisor of 157660 and 12568.
4
What is the greatest common divisor of 1311254 and 74438?
5726
What is the greatest common factor of 6784 and 12857058?
106
Calculate the greatest common divisor of 2227 and 551013248.
2227
What is the highest common factor of 334 and 843871207?
167
What is the greatest common factor of 989766558 and 2628?
1314
Calculate the highest common divisor of 6307345 and 220.
55
Calculate the highest common factor of 34 and 45603537.
17
Calculate the greatest common divisor of 622096 and 59.
59
Calculate the highest common divisor of 24704170 and 30.
10
Calculate the highest common factor of 438461 and 92137.
463
Calculate the highest common factor of 2596 and 94258164.
2596
Calculate the highest common factor of 668928 and 15812.
268
What is the greatest common divisor of 336 and 19355616?
336
Calculate the highest common factor of 13044 and 26064.
12
Calculate the greatest common factor of 32 and 3214616.
8
Calculate the highest common divisor of 10540972 and 21996.
2444
Calculate the greatest common factor of 1483 and 125175581.
1483
What is the highest common factor of 47580 and 95628?
156
Calculate the highest common divisor of 66849524 and 2842.
2842
What is the highest common factor of 19981 and 74269?
377
Calculate the highest common divisor of 410370 and 51630.
30
Calculate the highest common factor of 12429 and 27842341.
1381
What is the greatest common divisor of 317188 and 2251104?
716
Calculate the greatest common factor of 18 and 363227922.
18
What is the highest common factor of 54777 and 15056607?
1767
What is the highest common divisor of 116810 and 190?
10
Calculate the highest common factor of 99 and 553669245.
9
Calculate the greatest common divisor of 121142273 and 217.
7
Calculate the greatest common divisor of 23 and 523762279.
23
What is the greatest common divisor of 5800497 and 222?
3
What is the greatest common divisor of 217 and 66023986?
217
Calculate the highest common factor of 1160135 and 29230.
185
Calculate the greatest common factor of 3423 and 263613.
21
Calculate the highest common factor of 184585 and 219559.
1943
Calculate the greatest common divisor of 1901 and 145521550.
1901
Calculate the greatest common factor of 496375 and 5087060.
1045
Calculate the greatest common divisor of 35279250 and 16320.
510
Calculate the highest common factor of 81 and 10550844.
27
Calculate the greatest common factor of 1353385 and 85006.
2237
Calculate the highest common divisor of 54978795 and 45.
45
Calculate the greatest common divisor of 2701287 and 144.
9
What is the greatest common factor of 4164575 and 19475?
1025
Calculate the greatest common divisor of 2093 and 14625611.
91
What is the highest common factor of 810696 and 174760?
136
What is the greatest common divisor of 1365392 and 1652?
28
What is the highest common factor of 6914323 and 1079?
13
Calculate the greatest common divisor of 88468620 and 1604.
1604
What is the highest common divisor of 119112 and 21445123?
4963
What is the highest common factor of 2745 and 3128751?
549
Calculate the highest common factor of 1950 and 109599100.
650
What is the greatest common divisor of 1505495 and 2793545?
1385
Calculate the highest common divisor of 1421532 and 5003567.
5641
Calculate the highest common factor of 634 and 58414.
2
Calculate the greatest common divisor of 279990 and 5191222.
2074
Calculate the greatest common factor of 1323108 and 396.
36
What is the greatest common factor of 2847 and 11036818?
13
Calculate the highest common factor of 168475 and 1277075.
575
Calculate the greatest common factor of 12880 and 298565680.
560
Calculate the highest common divisor of 277668 and 225.
9
What is the highest common divisor of 4129640 and 170?
170
What is the highest common divisor of 19074328 and 2812?
76
Calculate the greatest common divisor of 2290026 and 2714.
118
What is the highest common divisor of 858616 and 328?
8
Calculate the greatest common factor of 231084 and 36549.
1179
Calculate the highest common factor of 192670 and 1670.
10
Calculate the highest common divisor of 41847 and 103896.
1443
What is the highest common factor of 2684456 and 6464?
8
What is the greatest common factor of 335 and 492815?
5
What is the greatest common divisor of 1001677 and 79482?
1019
Calculate the highest common divisor of 1833670 and 5510.
290
Calculate the greatest common divisor of 4289965 and 27565.
185
What is the highest common factor of 1212 and 28904?
4
What is the highest common factor of 387464 and 29711?
407
Calculate the highest common factor of 939196394 and 235.
47
What is the greatest common divisor of 3246847 and 5185?
1037
Calculate the greatest common divisor of 25198368 and 18666.
366
Calculate the greatest common divisor of 32 and 11804048.
16
Calculate the greatest common divisor of 2576 and 4998544.
368
Calculate the highest common divisor of 21047579 and 511.
511
What is the highest common factor of 4243408 and 5772?
52
What is the highest common divisor of 1083 and 1749520?
19
Calculate the highest common divisor of 3861611 and 754.
377
Calculate the greatest common divisor of 1387 and 5688452.
73
Calculate the highest common factor of 39 and 161643.
3
What is the greatest common divisor of 1897828 and 1515456?
3508
Calculate the highest common divisor of 5461 and 56287.
43
Calculate the greatest common factor of 1075032 and 3476.
316
Calculate the greatest common factor of 2981 and 1614076.
271
Calculate the greatest common factor of 184287122 and 3188.
1594
Calculate the highest common divisor of 50 and 146599990.
10
Calculate the highest common divisor of 457 and 766642178.
457
Calculate the highest common factor of 72480 and 6187980.
9060
Calculate the greatest common divisor of 130560 and 744.
24
Calculate the highest common divisor of 37408037 and 109.
109
What is the highest common factor of 146965 and 820743?
2261
Calculate the highest common factor of 545949 and 681.
3
What is the greatest common divisor of 12068 and 5421980?
1724
Calculate the greatest common factor of 15655 and 3317.
31
Calculate the greatest common factor of 135124 and 648064.
332
What is the greatest common factor of 136623312 and 13419?
4473
Calculate the highest common factor of 444672388 and 287.
41
What is the highest common factor of 1431320 and 627440?
440
Calculate the greatest common factor of 391944442 and 8009.
8009
Calculate the highest common factor of 26527408 and 48.
16
What is the highest common divisor of 3864 and 62035554?
966
Calculate the highest common factor of 3409 and 37558414.
487
What is the greatest common divisor of 46 and 80954641?
23
What is the greatest common divisor of 934767 and 351?
27
What is the greatest common factor of 579320929 and 22?
11
What is the highest common factor of 245163048 and 312?
312
Calculate the highest common divisor of 913616 and 20480.
16
Calculate the highest common divisor of 24436460 and 20.
20
What is the highest common divisor of 1914203007 and 219?
219
What is the highest common factor of 1 and 2383?
1
Calculate the highest common divisor of 2690347 and 51876.
1441
What is the highest common divisor of 162418610 and 5?
5
What is the highest common factor of 27426692 and 1377857?
8153
What is the greatest common factor of 340 and 5099420?
20
What is the greatest common factor of 35464 and 27613157?
4433
Calculate the highest common factor of 59939 and 12254.
11
What is the highest common factor of 2575 and 6389605?
515
Calculate the highest common divisor of 35 and 119036855.
35
What is the greatest common factor of 3514 and 639?
1
Calculate the greatest common factor of 7616725 and 6124.
1531
What is the highest common divisor of 330 and 1272424780?
110
Calculate the greatest common divisor of 511746 and 798.
114
Calculate the greatest common factor of 979834 and 148.
74
Calculate the highest common divisor of 52 and 10430082.
26
Calculate the greatest common divisor of 4107857 and 10621.
247
Calculate the highest common divisor of 52269 and 119700.
399
What is the highest common factor of 454951 and 74984?
721
Calculate the greatest common divisor of 117925 and 420025.
1325
What is the greatest common factor of 432 and 812304?
144
What is the highest common di